13. What is the greatest common factor of y and i?
15
Suppose 0 = 73*p - 139*p + 34320. Calculate the greatest common divisor of p and 1430.
130
Let p be (6/9)/((-8)/(-1200)). Let y = p - 60. Let j be (y/12)/((-1)/(-6)). What is the highest common divisor of 50 and j?
10
Let j be (7056/(-28))/(-1 + 6/9). Calculate the greatest common divisor of j and 3948.
84
Let q = -73 - -75. Suppose 51 = 5*a + q*v, -4*a = -8*a - 2*v + 42. Calculate the highest common divisor of 1 and a.
1
Suppose -62507 - 64543 = -42*z. Calculate the highest common divisor of 121 and z.
121
Let o be 5 - (2 - -1 - 63). Let q = -67 + o. Let r be 197 + (0 + q - -9) + -4. Calculate the highest common divisor of 25 and r.
25
Let d(z) = -z**3 + 8*z**2 + 9*z. Let f be d(9). Suppose 0 = 5*j + 5*t - 1165, -3*j + t + 679 = -f*t. What is the highest common divisor of j and 12?
12
Let a = -8240 - -8256. Calculate the greatest common factor of 52 and a.
4
Let i(q) = -8*q - 74. Let v be i(0). Let u = 65 + v. Let t = u + 13. What is the greatest common divisor of t and 12?
4
Let r be (-20 - (8 - 46)) + 94. Calculate the greatest common divisor of 17584 and r.
112
Suppose 2337781 - 939270 = 588*t - 3332537. Calculate the highest common divisor of 216 and t.
54
Suppose -5*s + 14 = -3*o - 4*s, 20 = -2*o - 2*s. Let c be (26/o + -1)*(1 + -19). What is the highest common divisor of c and 72?
24
Suppose -98*c = -4208 - 692. What is the greatest common divisor of 46 and c?
2
Suppose 3*v = -4*k + 7846, 1292*v - 1287*v + 7862 = 4*k. What is the highest common divisor of k and 39?
13
Let c(j) = 2*j**3 + 14*j**2 + 12*j - 3. Let q be c(-6). Let b(t) = -9*t - 2 + 0 - 1 + 24*t**2. Let x be b(q). What is the highest common divisor of 30 and x?
30
Let h be 1*18*1/2. Suppose -5*i + 64 = h. Let f be (-3)/(33/(-55))*(2 + 7 + 2). What is the greatest common factor of f and i?
11
Let y(b) = 10*b + 8 - 5*b + 40 + 3*b. Let s be y(-4). Let f(g) = 8*g**3 - 5*g**2 + g + 2. Let q be f(3). Calculate the highest common factor of q and s.
16
Suppose -5*t - 3425 = 4*s, s + 9 - 14 = 0. Let c = -473 - t. What is the highest common factor of c and 48?
24
Let u be (-48978595)/(-5845) - (-4)/(-7). Calculate the highest common factor of u and 285.
57
Suppose -m - m = 4*o - 18, 5*o - 4*m = 3. Suppose o*u - 7*u = 16. Let q be (u - -2) + 1 + 122. What is the highest common divisor of 11 and q?
11
Let r = 114 + -480. Let g be 2/(-3) - (3 + r/(-18)). Let y be (-14)/(-8) + (-6)/g. Calculate the greatest common factor of 2 and y.
2
Let z be (4 - -14) + (-5 + 6 - -2). Suppose 2*n - 5*w - 25 = 0, -5*w + 1 - 11 = -n. What is the greatest common divisor of z and n?
3
Let h(o) = -15*o + 110. Let q be h(6). Calculate the highest common factor of 55 and q.
5
Let x(r) = 4*r**2 - 3*r - 1. Suppose n = -5*j + 16, -5*n + 20 = j - 9*n. Let z be x(j). Let a = -3 + z. Calculate the greatest common divisor of 80 and a.
16
Suppose 24*q - 27*q - 2*c + 374 = 0, 0 = c + 2. Calculate the greatest common factor of q and 144.
18
Suppose 34*q - 984 = 28*q. Let k = q + -157. Calculate the greatest common divisor of k and 77.
7
Suppose 2*h + 10 = 154. Suppose 3*l = -0*l + h. Suppose -r - 2*c = -114, -5*c - 19 + 4 = 0. What is the highest common divisor of r and l?
24
Let p = 3213 + -1268. Calculate the greatest common divisor of p and 10.
5
Let a = 338 + -202. Suppose 5*g - 7*g - a = -b, -g - 572 = -4*b. What is the highest common divisor of b and 9?
9
Let v = 14659 + -11396. What is the highest common factor of 65 and v?
13
Let q = 5512 + 4970. Calculate the highest common factor of 6 and q.
6
Suppose f - 128 - 134 = -5*b, -586 = -11*b - f. Calculate the highest common factor of b and 774.
18
Let j = 13366 - 8014. Suppose 1677 + j = 11*f. What is the highest common factor of f and 71?
71
Let m(b) = 36*b**3 - 3*b**2 - 390*b + 1170. Let n be m(3). What is the greatest common factor of n and 108?
27
Let v(l) = 3*l**3 + 34*l**2 + 75*l - 16. Let j be v(-8). Calculate the highest common divisor of 38 and j.
2
Let w be ((-3)/4)/(-3) - 4222/(-8). Let c(u) = 41*u - 1. Let t be c(9). Let m = w - t. What is the greatest common factor of m and 64?
32
Let c be -1 + 182/126 - 491/(-9). Suppose -5*d + 5*r + 15 = 5, -3*r = 5*d - 18. Let f be (330/45)/(2/d). Calculate the highest common factor of c and f.
11
Suppose -105*u + 590034 = 173*u - 862516. What is the greatest common factor of 44 and u?
11
Suppose -16 = 11*n - 104. Suppose -80 = 5*h - 360. Calculate the highest common divisor of h and n.
8
Let w(a) = -11*a - 472*a**2 - 9 - 497*a**2 - a**3 + 960*a**2. Suppose -39 = 5*o + 1. Let z be w(o). Calculate the highest common divisor of 60 and z.
15
Let v = 162210 - 162130. Let c = 1336 + -936. What is the greatest common factor of v and c?
80
Let c(a) = -a**3 + 11*a**2 - 3*a + 759. Let z be c(0). What is the highest common factor of 207 and z?
69
Let y be 5/(-7 + (-2630)/(-375)). Calculate the greatest common factor of y and 135.
15
Suppose -r + 52 = r. Suppose -3*v + 0*v - 75 = 3*k, 0 = k + 2*v + r. Let m be (-4)/5*(k + -1). What is the highest common factor of 20 and m?
20
Let f be (9/(-3))/(-4 - (-35)/10). Suppose -z - f + 13 = 0. Calculate the highest common factor of z and 112.
7
Let w(v) = -926*v + 8299. Let z be w(-22). What is the greatest common factor of 57 and z?
57
Suppose 0 = 7*i + 5*i - 84. Suppose -i*z + 314 = -22. Calculate the greatest common factor of 12 and z.
12
Let n be 0/(1089/33) - (-1386 - -1)*1. Calculate the greatest common factor of n and 15.
5
Let n(d) = -95*d**3 - 14*d**2 - 81*d + 15. Let k be n(-4). What is the highest common divisor of 75 and k?
15
Let f = -35 - -49. Suppose 0 = 5*b - 6 - 9. Suppose t + 14 = b*t. Calculate the greatest common factor of f and t.
7
Suppose z - 14 = 228. Let l be 1*(8 + -2) + 41. Let n = l - 25. Calculate the greatest common factor of z and n.
22
Suppose -20*g + 5*t = -15*g - 8220, 2*g - 3285 = 3*t. What is the highest common divisor of 61 and g?
61
Suppose -4*u - 4*k + 102 + 282 = 0, 268 = 3*u - 2*k. Let x = 88 + u. What is the highest common divisor of 18 and x?
18
Suppose -2*h = 3*h + 5*s + 330, 3*s + 267 = -4*h. Let d = 63 + h. Let q be (-3)/2 + (-459)/d. What is the highest common divisor of 15 and q?
15
Let i be (((-3)/3)/(-3))/(29/115797). Calculate the greatest common divisor of i and 1210.
121
Let m = -2191 - -2202. Let f(v) = 5*v**2 - 4*v + 2. Let q be f(4). Calculate the highest common divisor of q and m.
11
Suppose -2*t + 69 = -35. Let q be t/14 + (-3)/(21/(-2)). Suppose 0 = -q*z + 5*c + 21, 2*z + c - 4 = -3*c. Calculate the highest common divisor of 8 and z.
4
Let j be 727/3 - ((-48)/18 + 2). Let h = j + -223. What is the greatest common factor of h and 5?
5
Let v = -814 - -793. Let z be ((-36)/3 - -3)/(v/56). Calculate the greatest common factor of 216 and z.
24
Suppose -28*s = -s - 1782. Let i(c) = 3*c**2 - 2*c. Let p be i(-3). What is the greatest common factor of s and p?
33
Suppose -2*y + 2387 - 87 = 4*a, -3*a = -21. Calculate the highest common factor of y and 112.
16
Suppose -10651 = -13*x - 3540. Suppose -1357 = -6*o - x. What is the highest common divisor of 180 and o?
45
Let p be 35/(5390/84) - 29385/(-33). What is the greatest common divisor of p and 324?
81
Suppose 5*g - 197 = -4*d - 0*g, 5*d + 2*g = 242. Let q = -3 + d. Suppose q = 5*w - 8*t + 3*t, 9 = 3*t. Calculate the greatest common factor of w and 96.
12
Let c(m) = 106*m**2 - m + 2. Let a be c(-2). Let p = a - 252. Let l(i) = i + 8. Let n be l(8). What is the highest common factor of n and p?
16
Let j = 188 - 184. Suppose 0 = 2*c - x - 194, -j*c + 3*x - 161 = -545. Calculate the highest common divisor of 33 and c.
33
Suppose -4*d + 8 = 2*t - 72, 5*d - 115 = -5*t. Let y be 1*((-2)/1 + -1) + 37. Calculate the greatest common factor of d and y.
17
Let c be 202/((-5)/20*0 - (-13)/78). Calculate the greatest common factor of 84 and c.
12
Let n be (0 + 18/4)/((-135)/(-90)). Suppose d - 4*d + 30 = -n*r, 2*r - 25 = -d. Suppose -6*y + 4*y = -150. What is the highest common divisor of y and d?
15
Suppose -224 = -5*m - 23*m. Calculate the greatest common divisor of m and 92.
4
Let p(l) = 11*l - 5 - 12*l + l**2 + 5 + 10. Let z be p(7). Let x be 741/z*(-32)/(-6). Calculate the greatest common divisor of x and 190.
38
Let l = -5242 - -6202.